{"id":47,"date":"2013-07-08T18:44:30","date_gmt":"2013-07-08T16:44:30","guid":{"rendered":"http:\/\/www.gregvill.hu\/?page_id=47"},"modified":"2018-12-03T19:25:32","modified_gmt":"2018-12-03T18:25:32","slug":"villanyszereles","status":"publish","type":"page","link":"https:\/\/www.gregvill.hu\/?page_id=47","title":{"rendered":"Villanyt\u0171zhely beszerel\u00e9se"},"content":{"rendered":"<p>&nbsp;<\/p>\n<p><img loading=\"lazy\" class=\"aligncenter size-medium wp-image-214\" src=\"http:\/\/www.gregvill.hu\/wp-content\/uploads\/2013\/07\/tuzhely-246x300.jpg\" alt=\"tuzhely\" width=\"246\" height=\"300\" srcset=\"https:\/\/www.gregvill.hu\/wp-content\/uploads\/2013\/07\/tuzhely-246x300.jpg 246w, https:\/\/www.gregvill.hu\/wp-content\/uploads\/2013\/07\/tuzhely-600x732.jpg 600w, https:\/\/www.gregvill.hu\/wp-content\/uploads\/2013\/07\/tuzhely-332x405.jpg 332w, https:\/\/www.gregvill.hu\/wp-content\/uploads\/2013\/07\/tuzhely.jpg 656w\" sizes=\"(max-width: 246px) 100vw, 246px\" \/><\/p>\n<p>A nagy teljes\u00edtm\u00e9ny\u0171 \u00e9s fix h\u00e1l\u00f3zati csatlakoz\u00e1s\u00fa elektromos t\u0171zhely, f\u0151z\u0151lap \u00e9s s\u00fct\u0151 bek\u00f6t\u00e9s\u00e9t csak szakember v\u00e9gezheti. <strong>A nem megfelel\u0151en bek\u00f6t\u00f6tt k\u00e9sz\u00fcl\u00e9k t\u0171z- \u00e9s balesetvesz\u00e9lyes lehet!<\/strong><\/p>\n<p><em>Amennyiben m\u00e9g nem rendelkezik elektromos t\u0171zhellyel, f\u0151z\u0151lappal \u00e9s a beszerz\u00e9s\u00e9t tervezi,<\/em><br \/>\n<em> c\u00e9lszer\u0171 megvizsg\u00e1ltatni elektromos h\u00e1l\u00f3zat\u00e1t, hogy a v\u00e1s\u00e1rolni k\u00edv\u00e1nt k\u00e9sz\u00fcl\u00e9k \u00d6nn\u00e9l bek\u00f6thet\u0151-e, a rendelkez\u00e9sre \u00e1ll\u00f3 h\u00e1l\u00f3zat el\u0151 van-e k\u00e9sz\u00edtve a t\u0171zhely fogad\u00e1s\u00e1ra!<\/em><\/p>\n<p><strong>Elektromos f\u0151z\u0151lap bek\u00f6t\u00e9se, elektromos ig\u00e9nye:<\/strong><\/p>\n<p>Amennyiben elektromos f\u0151z\u0151lapot tervez\u00fcnk a konyh\u00e1nkba, akkor c\u00e9lszer\u0171 megvizsg\u00e1lni azt, hogy az adott f\u0151z\u0151laphoz milyen elektromos teljes\u00edtm\u00e9ny sz\u00fcks\u00e9ges, ehhez al\u00e1bb tal\u00e1lunk egy kis seg\u00edts\u00e9get:<\/p>\n<ul>\n<li>2 f\u0151z\u0151z\u00f3n\u00e1s f\u0151z\u0151lapok:<\/li>\n<\/ul>\n<p><a href=\"http:\/\/www.gregvill.hu\/wp-content\/uploads\/2013\/07\/sencor2zona.png\" rel=\"attachment wp-att-215\"><img loading=\"lazy\" class=\"aligncenter size-medium wp-image-215\" src=\"http:\/\/www.gregvill.hu\/wp-content\/uploads\/2013\/07\/sencor2zona-300x300.png\" alt=\"sencor2zona\" width=\"300\" height=\"300\" srcset=\"https:\/\/www.gregvill.hu\/wp-content\/uploads\/2013\/07\/sencor2zona-300x300.png 300w, https:\/\/www.gregvill.hu\/wp-content\/uploads\/2013\/07\/sencor2zona-100x100.png 100w, https:\/\/www.gregvill.hu\/wp-content\/uploads\/2013\/07\/sencor2zona-600x600.png 600w, https:\/\/www.gregvill.hu\/wp-content\/uploads\/2013\/07\/sencor2zona-150x150.png 150w, https:\/\/www.gregvill.hu\/wp-content\/uploads\/2013\/07\/sencor2zona-768x768.png 768w, https:\/\/www.gregvill.hu\/wp-content\/uploads\/2013\/07\/sencor2zona-1024x1024.png 1024w, https:\/\/www.gregvill.hu\/wp-content\/uploads\/2013\/07\/sencor2zona-700x700.png 700w, https:\/\/www.gregvill.hu\/wp-content\/uploads\/2013\/07\/sencor2zona-332x332.png 332w, https:\/\/www.gregvill.hu\/wp-content\/uploads\/2013\/07\/sencor2zona-432x432.png 432w, https:\/\/www.gregvill.hu\/wp-content\/uploads\/2013\/07\/sencor2zona-268x268.png 268w, https:\/\/www.gregvill.hu\/wp-content\/uploads\/2013\/07\/sencor2zona.png 1300w\" sizes=\"(max-width: 300px) 100vw, 300px\" \/><\/a>Az ilyen kialak\u00edt\u00e1s\u00fa f\u0151z\u0151lapok, amelyek lehetnek: hagyom\u00e1nyos platnis, ker\u00e1mialapos vagy indukci\u00f3s kialak\u00edt\u00e1s\u00faak, \u00fagy lettek tervezve, hogy \u00f6sszteljes\u00edtm\u00e9nyben 230V 16A-es teljes\u00edtm\u00e9ny\u0171 \u00e1ramk\u00f6rr\u0151l \u00fczemeltethet\u0151ek legyenek, \u00edgy ezeket fix bek\u00f6t\u00e9ssel vagy dugaszol\u00f3aljzaton kereszt\u00fcl is \u00fczemeltethetj\u00fck. Amennyiben az elektromos h\u00e1l\u00f3zatunk a konyh\u00e1ban nem teszi lehet\u0151v\u00e9 a nagyobb f\u0151z\u0151lapok \u00fczemeltet\u00e9s\u00e9t, vagy kis konyh\u00e1t akarunk kialak\u00edtani, j\u00f3 v\u00e1laszt\u00e1s lehet a 2 f\u0151z\u0151z\u00f3n\u00e1s f\u0151z\u0151lap.<\/p>\n<ul>\n<li>4 f\u0151z\u0151z\u00f3n\u00e1s f\u0151z\u0151lapok:<\/li>\n<\/ul>\n<p><a href=\"http:\/\/www.gregvill.hu\/wp-content\/uploads\/2013\/07\/morafozolap.jpg\" rel=\"attachment wp-att-216\"><img loading=\"lazy\" class=\"aligncenter size-medium wp-image-216\" src=\"http:\/\/www.gregvill.hu\/wp-content\/uploads\/2013\/07\/morafozolap-300x257.jpg\" alt=\"morafozolap\" width=\"300\" height=\"257\" srcset=\"https:\/\/www.gregvill.hu\/wp-content\/uploads\/2013\/07\/morafozolap-300x257.jpg 300w, https:\/\/www.gregvill.hu\/wp-content\/uploads\/2013\/07\/morafozolap-332x284.jpg 332w, https:\/\/www.gregvill.hu\/wp-content\/uploads\/2013\/07\/morafozolap.jpg 500w\" sizes=\"(max-width: 300px) 100vw, 300px\" \/><\/a>Az ilyen kialak\u00edt\u00e1s\u00fa f\u0151z\u0151lapok, amelyek lehetnek: hagyom\u00e1nyos platnis, ker\u00e1mialapos vagy indukci\u00f3s kialak\u00edt\u00e1s\u00faak, \u00fagy lettek tervezve, hogy \u00f6sszteljes\u00edtm\u00e9nyben biztosan meghaladja\u00a0 a 230V 16A-es teljes\u00edtm\u00e9ny\u0171 \u00e1ramk\u00f6ri ig\u00e9nyt, \u00edgy azokat csak fix elektromos bek\u00f6t\u00e9ssel \u00fczemeltethetj\u00fck. Az ilyen f\u0151z\u0151lapokhoz k\u00fcl\u00f6n erre a c\u00e9lra ki\u00e9p\u00edtett \u00e9s odavezetett elektromos \u00e1ramk\u00f6rt kell biztos\u00edtani, amelynek egy f\u00e1zis eset\u00e9ben 1x32A, k\u00e9t f\u00e1zis eset\u00e9ben 2x16A teljes\u00edtm\u00e9ny\u0171nek kell lennie.<\/p>\n<p>Kombin\u00e1lt f\u0151z\u0151lap+s\u00fct\u0151 kialak\u00edt\u00e1s eset\u00e9ben c\u00e9lszer\u0171 3 f\u00e1zis 3x16A kialak\u00edt\u00e1sa, amelyb\u0151l 2 f\u00e1zis a f\u0151z\u0151lap + 1 f\u00e1zis a s\u00fct\u0151 r\u00e9sz\u00e9re ker\u00fcl bek\u00f6t\u00e9sre. Egy f\u00e1zis\u00fa kialak\u00edt\u00e1s eset\u00e9ben 1x32A a f\u0151z\u0151lap r\u00e9sz\u00e9re, tov\u00e1bbi 1x16A a s\u00fct\u0151 r\u00e9sz\u00e9re ker\u00fclj\u00f6n kialak\u00edt\u00e1sra.<\/p>\n<p>Ir\u00e1nyad\u00f3 teljes\u00edtm\u00e9nyadatok:<\/p>\n<p>5.8 KW &#8211; 7.2 KW (25-32 A)<\/p>\n<p><strong>Elektromos s\u00fct\u0151 bek\u00f6t\u00e9se, elektromos ig\u00e9nye:<\/strong><\/p>\n<p><a href=\"http:\/\/www.gregvill.hu\/wp-content\/uploads\/2013\/07\/aegsuto.jpg\" rel=\"attachment wp-att-217\"><img loading=\"lazy\" class=\"aligncenter wp-image-217 size-medium\" src=\"http:\/\/www.gregvill.hu\/wp-content\/uploads\/2013\/07\/aegsuto-282x300.jpg\" alt=\"aegsuto\" width=\"282\" height=\"300\" srcset=\"https:\/\/www.gregvill.hu\/wp-content\/uploads\/2013\/07\/aegsuto-282x300.jpg 282w, https:\/\/www.gregvill.hu\/wp-content\/uploads\/2013\/07\/aegsuto-600x638.jpg 600w, https:\/\/www.gregvill.hu\/wp-content\/uploads\/2013\/07\/aegsuto-768x817.jpg 768w, https:\/\/www.gregvill.hu\/wp-content\/uploads\/2013\/07\/aegsuto-962x1024.jpg 962w, https:\/\/www.gregvill.hu\/wp-content\/uploads\/2013\/07\/aegsuto-700x745.jpg 700w, https:\/\/www.gregvill.hu\/wp-content\/uploads\/2013\/07\/aegsuto-332x353.jpg 332w, https:\/\/www.gregvill.hu\/wp-content\/uploads\/2013\/07\/aegsuto.jpg 1000w\" sizes=\"(max-width: 282px) 100vw, 282px\" \/><\/a>A be\u00e9p\u00edthet\u0151 elektromos s\u00fct\u0151k \u00fagy lettek tervezve, hogy \u00f6sszteljes\u00edtm\u00e9nyben 230V 16A-es teljes\u00edtm\u00e9ny\u0171 \u00e1ramk\u00f6rr\u0151l \u00fczemeltethet\u0151ek legyenek, \u00edgy ezeket fix bek\u00f6t\u00e9ssel vagy dugaszol\u00f3aljzaton kereszt\u00fcl is \u00fczemeltethetj\u00fck. Amennyiben az elektromos h\u00e1l\u00f3zatunk a konyh\u00e1ban nem teszi lehet\u0151v\u00e9 a nagy teljes\u00edtm\u00e9ny\u0171 nem be\u00e9p\u00edthet\u0151 villanyt\u0171zhely \u00fczemeltet\u00e9s\u00e9t, akkor is j\u00f3 v\u00e1laszt\u00e1s lehet a be\u00e9p\u00edthet\u0151 elektromos s\u00fct\u0151 v\u00e1s\u00e1rl\u00e1sa.<\/p>\n<p><strong>Elektromos f\u0151z\u0151lap, s\u00fct\u0151 \u00e9s villanyt\u0171zhely bek\u00f6t\u00e9s\u00e9r\u0151l t\u00e1j\u00e9koztat\u00f3<\/strong><\/p>\n<ul>\n<li>Kedvez\u0151 \u00e1rakon v\u00e1llaljuk elektromos t\u0171zhely, f\u0151z\u0151lap \u00e9s s\u00fct\u0151 bek\u00f6t\u00e9s\u00e9t m\u00e1r el\u0151k\u00e9sz\u00edtett elektromos h\u00e1l\u00f3zati csatlakoz\u00e1sra,<\/li>\n<li>Elektromos t\u0171zhely, f\u0151z\u0151lap \u00e9s s\u00fct\u0151 sz\u00e1m\u00e1ra v\u00e1llaljuk elektromos h\u00e1l\u00f3zati csatlakoz\u00e1s kialak\u00edt\u00e1s\u00e1t, h\u00e1l\u00f3zat b\u0151v\u00edt\u00e9s\u00e9t, amennyiben az nem teszi lehet\u0151v\u00e9 a k\u00e9sz\u00fcl\u00e9k bek\u00f6t\u00e9s\u00e9t (amennyiben ez lehets\u00e9ges),<\/li>\n<li>V\u00e1llaljuk elektromos t\u0171zhely, f\u0151z\u0151lap \u00e9s s\u00fct\u0151 cser\u00e9j\u00e9t: a r\u00e9gi kiszerel\u00e9s\u00e9t \u00e9s az \u00faj be\u00fczemel\u00e9s\u00e9t,<\/li>\n<li>V\u00e1llaljuk (fa) munkalap kiv\u00e1g\u00e1s\u00e1t, a f\u0151z\u0151lap r\u00e9sz\u00e9re, viszont ilyen ig\u00e9nyeket er\u0151re (a szerel\u00e9s el\u0151tt) k\u00e9rj\u00fck egyeztetni a megrendel\u00e9sn\u00e9l!<\/li>\n<\/ul>\n<p>Az \u00faj berendez\u00e9sek bek\u00f6t\u00e9se ut\u00e1n kit\u00f6ltj\u00fck a garanciapap\u00edr be\u00fczemel\u00e9si r\u00e9sz\u00e9t, \u00edgy v\u00e1lik \u00e9rv\u00e9nyess\u00e9 a k\u00e9sz\u00fcl\u00e9kre a garancia!<\/p>\n<p><em>A bek\u00f6t\u00e9seket, amennyiben azok nem j\u00e1rnak h\u00e1l\u00f3zati \u00e1talak\u00edt\u00e1ssal 2-3 munkanapon bel\u00fcl, v\u00e1llaljuk.<\/em><\/p>\n","protected":false},"excerpt":{"rendered":"<p>&nbsp; A nagy teljes\u00edtm\u00e9ny\u0171 \u00e9s fix h\u00e1l\u00f3zati csatlakoz\u00e1s\u00fa elektromos t\u0171zhely, f\u0151z\u0151lap \u00e9s s\u00fct\u0151 bek\u00f6t\u00e9s\u00e9t csak szakember v\u00e9gezheti. A nem megfelel\u0151en bek\u00f6t\u00f6tt k\u00e9sz\u00fcl\u00e9k t\u0171z- \u00e9s balesetvesz\u00e9lyes lehet! Amennyiben m\u00e9g nem rendelkezik elektromos t\u0171zhellyel, f\u0151z\u0151lappal \u00e9s a beszerz\u00e9s\u00e9t tervezi, c\u00e9lszer\u0171 megvizsg\u00e1ltatni elektromos h\u00e1l\u00f3zat\u00e1t, hogy a v\u00e1s\u00e1rolni k\u00edv\u00e1nt k\u00e9sz\u00fcl\u00e9k \u00d6nn\u00e9l bek\u00f6thet\u0151-e, a rendelkez\u00e9sre &#8230;<\/p>\n","protected":false},"author":1,"featured_media":0,"parent":0,"menu_order":3,"comment_status":"closed","ping_status":"closed","template":"","meta":[],"_links":{"self":[{"href":"https:\/\/www.gregvill.hu\/index.php?rest_route=\/wp\/v2\/pages\/47"}],"collection":[{"href":"https:\/\/www.gregvill.hu\/index.php?rest_route=\/wp\/v2\/pages"}],"about":[{"href":"https:\/\/www.gregvill.hu\/index.php?rest_route=\/wp\/v2\/types\/page"}],"author":[{"embeddable":true,"href":"https:\/\/www.gregvill.hu\/index.php?rest_route=\/wp\/v2\/users\/1"}],"replies":[{"embeddable":true,"href":"https:\/\/www.gregvill.hu\/index.php?rest_route=%2Fwp%2Fv2%2Fcomments&post=47"}],"version-history":[{"count":11,"href":"https:\/\/www.gregvill.hu\/index.php?rest_route=\/wp\/v2\/pages\/47\/revisions"}],"predecessor-version":[{"id":221,"href":"https:\/\/www.gregvill.hu\/index.php?rest_route=\/wp\/v2\/pages\/47\/revisions\/221"}],"wp:attachment":[{"href":"https:\/\/www.gregvill.hu\/index.php?rest_route=%2Fwp%2Fv2%2Fmedia&parent=47"}],"curies":[{"name":"wp","href":"https:\/\/api.w.org\/{rel}","templated":true}]}}

Villanytűzhely beszerelése

<p>&nbsp;</p>
<p><img loading="lazy" class="aligncenter size-medium wp-image-214" src="http://www.gregvill.hu/wp-content/uploads/2013/07/tuzhely-246x300.jpg" alt="tuzhely" width="246" height="300" srcset="https://www.gregvill.hu/wp-content/uploads/2013/07/tuzhely-246x300.jpg 246w, https://www.gregvill.hu/wp-content/uploads/2013/07/tuzhely-600x732.jpg 600w, https://www.gregvill.hu/wp-content/uploads/2013/07/tuzhely-332x405.jpg 332w, https://www.gregvill.hu/wp-content/uploads/2013/07/tuzhely.jpg 656w" sizes="(max-width: 246px) 100vw, 246px" /></p>
<p>A nagy teljesítményű és fix hálózati csatlakozású elektromos tűzhely, főzőlap és sütő bekötését csak szakember végezheti. <strong>A nem megfelelően bekötött készülék tűz- és balesetveszélyes lehet!</strong></p>
<p><em>Amennyiben még nem rendelkezik elektromos tűzhellyel, főzőlappal és a beszerzését tervezi,</em><br />
<em> célszerű megvizsgáltatni elektromos hálózatát, hogy a vásárolni kívánt készülék Önnél beköthető-e, a rendelkezésre álló hálózat elő van-e készítve a tűzhely fogadására!</em></p>
<p><strong>Elektromos főzőlap bekötése, elektromos igénye:</strong></p>
<p>Amennyiben elektromos főzőlapot tervezünk a konyhánkba, akkor célszerű megvizsgálni azt, hogy az adott főzőlaphoz milyen elektromos teljesítmény szükséges, ehhez alább találunk egy kis segítséget:</p>
<ul>
<li>2 főzőzónás főzőlapok:</li>
</ul>
<p><a href="http://www.gregvill.hu/wp-content/uploads/2013/07/sencor2zona.png" rel="attachment wp-att-215"><img loading="lazy" class="aligncenter size-medium wp-image-215" src="http://www.gregvill.hu/wp-content/uploads/2013/07/sencor2zona-300x300.png" alt="sencor2zona" width="300" height="300" srcset="https://www.gregvill.hu/wp-content/uploads/2013/07/sencor2zona-300x300.png 300w, https://www.gregvill.hu/wp-content/uploads/2013/07/sencor2zona-100x100.png 100w, https://www.gregvill.hu/wp-content/uploads/2013/07/sencor2zona-600x600.png 600w, https://www.gregvill.hu/wp-content/uploads/2013/07/sencor2zona-150x150.png 150w, https://www.gregvill.hu/wp-content/uploads/2013/07/sencor2zona-768x768.png 768w, https://www.gregvill.hu/wp-content/uploads/2013/07/sencor2zona-1024x1024.png 1024w, https://www.gregvill.hu/wp-content/uploads/2013/07/sencor2zona-700x700.png 700w, https://www.gregvill.hu/wp-content/uploads/2013/07/sencor2zona-332x332.png 332w, https://www.gregvill.hu/wp-content/uploads/2013/07/sencor2zona-432x432.png 432w, https://www.gregvill.hu/wp-content/uploads/2013/07/sencor2zona-268x268.png 268w, https://www.gregvill.hu/wp-content/uploads/2013/07/sencor2zona.png 1300w" sizes="(max-width: 300px) 100vw, 300px" /></a>Az ilyen kialakítású főzőlapok, amelyek lehetnek: hagyományos platnis, kerámialapos vagy indukciós kialakításúak, úgy lettek tervezve, hogy összteljesítményben 230V 16A-es teljesítményű áramkörről üzemeltethetőek legyenek, így ezeket fix bekötéssel vagy dugaszolóaljzaton keresztül is üzemeltethetjük. Amennyiben az elektromos hálózatunk a konyhában nem teszi lehetővé a nagyobb főzőlapok üzemeltetését, vagy kis konyhát akarunk kialakítani, jó választás lehet a 2 főzőzónás főzőlap.</p>
<ul>
<li>4 főzőzónás főzőlapok:</li>
</ul>
<p><a href="http://www.gregvill.hu/wp-content/uploads/2013/07/morafozolap.jpg" rel="attachment wp-att-216"><img loading="lazy" class="aligncenter size-medium wp-image-216" src="http://www.gregvill.hu/wp-content/uploads/2013/07/morafozolap-300x257.jpg" alt="morafozolap" width="300" height="257" srcset="https://www.gregvill.hu/wp-content/uploads/2013/07/morafozolap-300x257.jpg 300w, https://www.gregvill.hu/wp-content/uploads/2013/07/morafozolap-332x284.jpg 332w, https://www.gregvill.hu/wp-content/uploads/2013/07/morafozolap.jpg 500w" sizes="(max-width: 300px) 100vw, 300px" /></a>Az ilyen kialakítású főzőlapok, amelyek lehetnek: hagyományos platnis, kerámialapos vagy indukciós kialakításúak, úgy lettek tervezve, hogy összteljesítményben biztosan meghaladja  a 230V 16A-es teljesítményű áramköri igényt, így azokat csak fix elektromos bekötéssel üzemeltethetjük. Az ilyen főzőlapokhoz külön erre a célra kiépített és odavezetett elektromos áramkört kell biztosítani, amelynek egy fázis esetében 1x32A, két fázis esetében 2x16A teljesítményűnek kell lennie.</p>
<p>Kombinált főzőlap+sütő kialakítás esetében célszerű 3 fázis 3x16A kialakítása, amelyből 2 fázis a főzőlap + 1 fázis a sütő részére kerül bekötésre. Egy fázisú kialakítás esetében 1x32A a főzőlap részére, további 1x16A a sütő részére kerüljön kialakításra.</p>
<p>Irányadó teljesítményadatok:</p>
<p>5.8 KW &#8211; 7.2 KW (25-32 A)</p>
<p><strong>Elektromos sütő bekötése, elektromos igénye:</strong></p>
<p><a href="http://www.gregvill.hu/wp-content/uploads/2013/07/aegsuto.jpg" rel="attachment wp-att-217"><img loading="lazy" class="aligncenter wp-image-217 size-medium" src="http://www.gregvill.hu/wp-content/uploads/2013/07/aegsuto-282x300.jpg" alt="aegsuto" width="282" height="300" srcset="https://www.gregvill.hu/wp-content/uploads/2013/07/aegsuto-282x300.jpg 282w, https://www.gregvill.hu/wp-content/uploads/2013/07/aegsuto-600x638.jpg 600w, https://www.gregvill.hu/wp-content/uploads/2013/07/aegsuto-768x817.jpg 768w, https://www.gregvill.hu/wp-content/uploads/2013/07/aegsuto-962x1024.jpg 962w, https://www.gregvill.hu/wp-content/uploads/2013/07/aegsuto-700x745.jpg 700w, https://www.gregvill.hu/wp-content/uploads/2013/07/aegsuto-332x353.jpg 332w, https://www.gregvill.hu/wp-content/uploads/2013/07/aegsuto.jpg 1000w" sizes="(max-width: 282px) 100vw, 282px" /></a>A beépíthető elektromos sütők úgy lettek tervezve, hogy összteljesítményben 230V 16A-es teljesítményű áramkörről üzemeltethetőek legyenek, így ezeket fix bekötéssel vagy dugaszolóaljzaton keresztül is üzemeltethetjük. Amennyiben az elektromos hálózatunk a konyhában nem teszi lehetővé a nagy teljesítményű nem beépíthető villanytűzhely üzemeltetését, akkor is jó választás lehet a beépíthető elektromos sütő vásárlása.</p>
<p><strong>Elektromos főzőlap, sütő és villanytűzhely bekötéséről tájékoztató</strong></p>
<ul>
<li>Kedvező árakon vállaljuk elektromos tűzhely, főzőlap és sütő bekötését már előkészített elektromos hálózati csatlakozásra,</li>
<li>Elektromos tűzhely, főzőlap és sütő számára vállaljuk elektromos hálózati csatlakozás kialakítását, hálózat bővítését, amennyiben az nem teszi lehetővé a készülék bekötését (amennyiben ez lehetséges),</li>
<li>Vállaljuk elektromos tűzhely, főzőlap és sütő cseréjét: a régi kiszerelését és az új beüzemelését,</li>
<li>Vállaljuk (fa) munkalap kivágását, a főzőlap részére, viszont ilyen igényeket erőre (a szerelés előtt) kérjük egyeztetni a megrendelésnél!</li>
</ul>
<p>Az új berendezések bekötése után kitöltjük a garanciapapír beüzemelési részét, így válik érvényessé a készülékre a garancia!</p>
<p><em>A bekötéseket, amennyiben azok nem járnak hálózati átalakítással 2-3 munkanapon belül, vállaljuk.</em></p>

<p>&nbsp; A nagy teljesítményű és fix hálózati csatlakozású elektromos tűzhely, főzőlap és sütő bekötését csak szakember végezheti. A nem megfelelően bekötött készülék tűz- és balesetveszélyes lehet! Amennyiben még nem rendelkezik elektromos tűzhellyel, főzőlappal és a beszerzését tervezi, célszerű megvizsgáltatni elektromos hálózatát, hogy a vásárolni kívánt készülék Önnél beköthető-e, a rendelkezésre &#8230;</p>
