{"id":41,"date":"2014-07-08T18:40:18","date_gmt":"2014-07-08T16:40:18","guid":{"rendered":"http:\/\/www.gregvill.hu\/?page_id=41"},"modified":"2015-02-22T03:27:35","modified_gmt":"2015-02-22T02:27:35","slug":"muholdas-antenna-szerelese","status":"publish","type":"page","link":"https:\/\/www.gregvill.hu\/?page_id=41","title":{"rendered":"M\u0171holdas antenna szerel\u00e9se"},"content":{"rendered":"<p>&nbsp;<\/p>\n<p><a href=\"http:\/\/www.gregvill.hu\/wp-content\/uploads\/2013\/07\/10.foot_.dish_.jpg\"><img loading=\"lazy\" class=\"aligncenter size-full wp-image-122\" src=\"http:\/\/www.gregvill.hu\/wp-content\/uploads\/2013\/07\/10.foot_.dish_.jpg\" alt=\"10.foot.dish\" width=\"437\" height=\"404\" srcset=\"https:\/\/www.gregvill.hu\/wp-content\/uploads\/2013\/07\/10.foot_.dish_.jpg 1240w, https:\/\/www.gregvill.hu\/wp-content\/uploads\/2013\/07\/10.foot_.dish_-600x555.jpg 600w, https:\/\/www.gregvill.hu\/wp-content\/uploads\/2013\/07\/10.foot_.dish_-300x277.jpg 300w, https:\/\/www.gregvill.hu\/wp-content\/uploads\/2013\/07\/10.foot_.dish_-1024x948.jpg 1024w, https:\/\/www.gregvill.hu\/wp-content\/uploads\/2013\/07\/10.foot_.dish_-700x648.jpg 700w, https:\/\/www.gregvill.hu\/wp-content\/uploads\/2013\/07\/10.foot_.dish_-332x307.jpg 332w\" sizes=\"(max-width: 437px) 100vw, 437px\" \/><\/a><\/p>\n<p><strong>Tev\u00e9kenys\u00e9gem:<\/strong><\/p>\n<ul>\n<li>megl\u00e9v\u0151 parabola antenna be\u00e1ll\u00edt\u00e1sa, LNB fejcsere<\/li>\n<li>szolg\u00e1ltat\u00f3hoz tartoz\u00f3 parabola antenna \u00e1thelyez\u00e9se (pl. k\u00f6lt\u00f6z\u00e9s miatt)<\/li>\n<li>egy\u00e9ni- \u00e9s k\u00f6z\u00f6ss\u00e9gi rendszerek ki\u00e9p\u00edt\u00e9se \u00e9s jav\u00edt\u00e1sa<\/li>\n<\/ul>\n<p>&nbsp;<\/p>\n<hr \/>\n<h2>Klasszikus egy m\u0171holdas v\u00e9tel ki\u00e9p\u00edt\u00e9se<\/h2>\n<p><a href=\"http:\/\/www.gregvill.hu\/wp-content\/uploads\/2013\/07\/parabola.jpg\"><img loading=\"lazy\" class=\"aligncenter size-full wp-image-127\" src=\"http:\/\/www.gregvill.hu\/wp-content\/uploads\/2013\/07\/parabola.jpg\" alt=\"parabola\" width=\"280\" height=\"280\" srcset=\"https:\/\/www.gregvill.hu\/wp-content\/uploads\/2013\/07\/parabola.jpg 280w, https:\/\/www.gregvill.hu\/wp-content\/uploads\/2013\/07\/parabola-100x100.jpg 100w, https:\/\/www.gregvill.hu\/wp-content\/uploads\/2013\/07\/parabola-150x150.jpg 150w, https:\/\/www.gregvill.hu\/wp-content\/uploads\/2013\/07\/parabola-268x268.jpg 268w\" sizes=\"(max-width: 280px) 100vw, 280px\" \/><\/a>V\u00e1llalom 60cm-180cm-es m\u00e9retig ofszet parabola antenn\u00e1k telep\u00edt\u00e9s\u00e9t b\u00e1rmely haz\u00e1nkban \u00e9s a telep\u00edt\u00e9si helyen foghat\u00f3 m\u0171hold v\u00e9tel\u00e9re.<\/p>\n<p>A telep\u00edtett antenna 1,2,4 vagy ak\u00e1r 8 vev\u0151egys\u00e9get is k\u00e9pes kiszolg\u00e1lni.<\/p>\n<hr \/>\n<h2>T\u00f6bb m\u0171holdas v\u00e9tel ki\u00e9p\u00edt\u00e9se egy antenn\u00e1val<\/h2>\n<p><a href=\"http:\/\/www.gregvill.hu\/wp-content\/uploads\/2013\/07\/300725fr_TD_Multi_Block_on_Dish_260x258.jpg\"><img loading=\"lazy\" class=\"aligncenter size-full wp-image-123\" src=\"http:\/\/www.gregvill.hu\/wp-content\/uploads\/2013\/07\/300725fr_TD_Multi_Block_on_Dish_260x258.jpg\" alt=\"300725fr_TD_Multi_Block_on_Dish_260x258\" width=\"250\" height=\"248\" srcset=\"https:\/\/www.gregvill.hu\/wp-content\/uploads\/2013\/07\/300725fr_TD_Multi_Block_on_Dish_260x258.jpg 250w, https:\/\/www.gregvill.hu\/wp-content\/uploads\/2013\/07\/300725fr_TD_Multi_Block_on_Dish_260x258-100x100.jpg 100w, https:\/\/www.gregvill.hu\/wp-content\/uploads\/2013\/07\/300725fr_TD_Multi_Block_on_Dish_260x258-150x150.jpg 150w\" sizes=\"(max-width: 250px) 100vw, 250px\" \/><\/a><\/p>\n<p>Lehet\u0151s\u00e9g van 80cm-180cm-es m\u00e9ret\u0171 ofszet parabola antenn\u00e1kkal t\u00f6bb haz\u00e1nkban \u00e9s a telep\u00edt\u00e9si helyen foghat\u00f3 m\u0171hold v\u00e9tel\u00e9re egyidej\u0171leg, speci\u00e1lis fejtart\u00f3k seg\u00edts\u00e9g\u00e9vel.<\/p>\n<p>A telep\u00edtett antenna 1,2,4 vagy ak\u00e1r 8 vev\u0151egys\u00e9get is k\u00e9pes kiszolg\u00e1lni, vev\u0151fejt\u0151l f\u00fcgg\u0151en!<\/p>\n<p>&nbsp;<\/p>\n<hr \/>\n<h2>T\u00f6bb m\u0171holdas v\u00e9tel ki\u00e9p\u00edt\u00e9se egy antenn\u00e1val \u00e9s forgat\u00f3val<\/h2>\n<p><a href=\"http:\/\/www.gregvill.hu\/wp-content\/uploads\/2013\/07\/Motorised_Dish.gif\"><img loading=\"lazy\" class=\"aligncenter size-full wp-image-125\" src=\"http:\/\/www.gregvill.hu\/wp-content\/uploads\/2013\/07\/Motorised_Dish.gif\" alt=\"Motorised_Dish\" width=\"237\" height=\"203\" \/><\/a><\/p>\n<p>Lehet\u0151s\u00e9g van t\u00f6bb m\u0171hold v\u00e9tel\u00e9re egy antenna \u00e9s egy LNB (vev\u0151fej) eset\u00e9ben, ha antennaforgat\u00f3t haszn\u00e1lunk. Ez esetben csak egy v\u00e9teli hely kiszolg\u00e1l\u00e1sa biztos\u00edtott. Forgat\u00f3s rendszerek ki\u00e9p\u00edt\u00e9s\u00e9t is v\u00e1llalom, ak\u00e1r egyedi ig\u00e9nyek alapj\u00e1n is!<\/p>\n","protected":false},"excerpt":{"rendered":"<p>&nbsp; Tev\u00e9kenys\u00e9gem: megl\u00e9v\u0151 parabola antenna be\u00e1ll\u00edt\u00e1sa, LNB fejcsere szolg\u00e1ltat\u00f3hoz tartoz\u00f3 parabola antenna \u00e1thelyez\u00e9se (pl. k\u00f6lt\u00f6z\u00e9s miatt) egy\u00e9ni- \u00e9s k\u00f6z\u00f6ss\u00e9gi rendszerek ki\u00e9p\u00edt\u00e9se \u00e9s jav\u00edt\u00e1sa &nbsp; Klasszikus egy m\u0171holdas v\u00e9tel ki\u00e9p\u00edt\u00e9se V\u00e1llalom 60cm-180cm-es m\u00e9retig ofszet parabola antenn\u00e1k telep\u00edt\u00e9s\u00e9t b\u00e1rmely haz\u00e1nkban \u00e9s a telep\u00edt\u00e9si helyen foghat\u00f3 m\u0171hold v\u00e9tel\u00e9re. A telep\u00edtett antenna 1,2,4 vagy &#8230;<\/p>\n","protected":false},"author":1,"featured_media":0,"parent":7,"menu_order":0,"comment_status":"open","ping_status":"open","template":"","meta":[],"_links":{"self":[{"href":"https:\/\/www.gregvill.hu\/index.php?rest_route=\/wp\/v2\/pages\/41"}],"collection":[{"href":"https:\/\/www.gregvill.hu\/index.php?rest_route=\/wp\/v2\/pages"}],"about":[{"href":"https:\/\/www.gregvill.hu\/index.php?rest_route=\/wp\/v2\/types\/page"}],"author":[{"embeddable":true,"href":"https:\/\/www.gregvill.hu\/index.php?rest_route=\/wp\/v2\/users\/1"}],"replies":[{"embeddable":true,"href":"https:\/\/www.gregvill.hu\/index.php?rest_route=%2Fwp%2Fv2%2Fcomments&post=41"}],"version-history":[{"count":11,"href":"https:\/\/www.gregvill.hu\/index.php?rest_route=\/wp\/v2\/pages\/41\/revisions"}],"predecessor-version":[{"id":144,"href":"https:\/\/www.gregvill.hu\/index.php?rest_route=\/wp\/v2\/pages\/41\/revisions\/144"}],"up":[{"embeddable":true,"href":"https:\/\/www.gregvill.hu\/index.php?rest_route=\/wp\/v2\/pages\/7"}],"wp:attachment":[{"href":"https:\/\/www.gregvill.hu\/index.php?rest_route=%2Fwp%2Fv2%2Fmedia&parent=41"}],"curies":[{"name":"wp","href":"https:\/\/api.w.org\/{rel}","templated":true}]}}